
-3 + 2 + -3 + (19 - 19)
-4
What is -5 + -1 + 2 + 1 + 0?
-3
What is (-2 - -2) + 2 + 2 - 9?
-5
Calculate 10 + 3 - (31 - 24).
6
Evaluate (57 - 54) + 0 + 1 + -4.
0
What is the value of 10 + -9 + -5 + 1?
-3
What is the value of -12 + 12 + -1 + 0?
-1
Evaluate 3 + -9 - -5 - 4.
-5
Evaluate (-3 - (-7 - -3)) + 7 + -3.
5
Calculate (7 - 10) + 2 + 0 - -5.
4
Evaluate -9 + 8 - (-1 - (0 + -2)).
-2
What is the value of 3 + (-3 + 6 - 7)?
-1
What is the value of 5 - 1 - (-5 - -9)?
0
What is the value of (8 - (2 - -5)) + (2 - 0)?
3
What is -3 + -15 - (8 - 19)?
-7
What is the value of 1 + (1 + -1 - -3) + -6?
-2
Calculate 9 - (9 + (2 - (9 - 3))).
4
93 + -84 - (8 + 1)
0
Calculate (-3 - -2) + (-2 - -5).
2
What is the value of -1 + 3 + -4 - -4?
2
Calculate 2 + -3 + (-1 - 2).
-4
Evaluate (0 + -1 - (-3 - -3)) + 0.
-1
What is the value of 44 + -50 - (0 - 5)?
-1
What is (-4 + -2 - 0) + 10?
4
What is the value of -14 + (6 - (-8 + 7))?
-7
Evaluate (0 - 1) + 4 + 1 + 0.
4
What is the value of 5 + 1 + 2 - (6 + -4)?
6
What is 10 - ((-4 - (-4 + -4)) + 2)?
4
Evaluate (15 - 2) + (-70 - -49).
-8
What is the value of -1 - -1 - (4 + -1 + -1)?
-2
Evaluate 10 + (-9 - -9) + -11.
-1
Calculate (8 - -4 - 6) + 0 - 2.
4
Calculate 8 + -12 - (-8 + 1).
3
What is -3 - (-4 - -7 - 2) - -1?
-3
What is -10 + 3 + 1 + 1?
-5
Calculate 4 + (-1 - 3) + -4.
-4
What is the value of 6 - (10 + 8 + -6)?
-6
Calculate 2 + -3 - (0 - 0 - 6).
5
What is -2 - (5 - (5 - (-6 - -2)))?
2
-15 + 18 + (-5 - (-1 + 1))
-2
What is (-17 - (-5 + -3)) + 6?
-3
What is (4 - 4) + -2 + -1 + 2?
-1
What is the value of 8 + 3 + -7 + -6?
-2
Evaluate 3 + (6 + -21 - -14).
2
Calculate -6 + 9 - (5 + -1).
-1
What is the value of 3 + (3 - 5) + 3 + -9?
-5
What is the value of -11 - -18 - -12 - 12?
7
What is 7 + 0 - (68 - 62)?
1
What is the value of (-7 - (7 - 11)) + -3 + 1?
-5
What is (11 + -5 - 9 - 1) + 12?
8
1 + -5 - (-4 + 5 - 5)
0
Calculate -8 + 5 + -2 - (-5 + 6).
-6
What is 5 - (2 + 0 + 2 + -1)?
2
What is the value of 7 + (-22 - -9) - -9?
3
14 - (18 + -9) - 6
-1
What is -14 - -11 - (-8 - -1)?
4
(-1 - -5) + (10 - 1) + -8
5
What is 87 + -87 + (-1 + 0 - 4)?
-5
What is 22 + -1 + -10 - 6?
5
Calculate 1 - 1 - (75 - 79).
4
Evaluate -2 + -1 + 5 - 2.
0
-2 + -8 - (-11 - 0)
1
What is the value of 0 + 3 - (-10 + 13)?
0
Evaluate -2 + -3 + -6 - (51 + -55).
-7
Calculate 3 + -1 + 9 + (-13 - 2).
-4
Calculate 7 - (-2 - (-11 + 4)) - 7.
-5
What is -2 - (2 + (-1 - -2) - 3)?
-2
What is the value of (-4 - -2 - 0) + 4?
2
4 - 5 - (-3 - -1) - 3
-2
Evaluate -1 + 2 - (8 + 0 - 0).
-7
Evaluate -4 + 6 + 8 + -16 + 9.
3
What is the value of -3 - (1 + (-3 - (-2 - -2)))?
-1
What is the value of -5 + (4 - (4 - 3))?
-2
Calculate (-1 - (-2 + 1)) + 2 + 0.
2
-3 - -17 - (-1 - -25)
-10
77 + -70 + 1 + -4
4
Evaluate (-1 - -6) + (-28 - (3 - 21)).
-5
Calculate (-10 - -4) + -4 + (11 - -2).
3
-4 - (-7 - (-12 + 6) - 4)
1
(-8 - -14) + 5 - 20
-9
What is the value of 0 + 2 - (86 - 90)?
6
What is the value of (4 + (-6 - -5) - 4) + 2?
1
What is -7 - (2 - 19) - 5?
5
-13 + 6 - (-6 + 2) - -7
4
Evaluate 8 + (-1 + 4 - 3 - 4).
4
5 - (5 + 1 + 3)
-4
Evaluate 4 - (7 - 12 - (-2 + -1)).
6
Evaluate 10 - 18 - -6 - 2.
-4
Calculate 7 + -3 + 4 + -5 + -8.
-5
Evaluate 3 - -3 - (7 - 5).
4
Calculate 18 + -9 + -12 + 5.
2
What is the value of (1 - (-3 + 4)) + -1 + -1?
-2
42 + -44 - ((1 - -2) + 2)
-7
1 + -3 - -7 - 2
3
Calculate -4 + (-3 - (3 + -12) - 6).
-4
0 - -4 - (-1 + 1 - 1)
5
-1 + -2 - (-9 + 16)
-10
Calculate 6 + -3 - 9 - -7.
1
What is 2 + (-18 - (-12 - -3))?
-7
Evaluate 5 - 8 - -5 - 6.
-4
Calculate -4 - (7 - (12 + 5)).
6
What is the value of 3 + -4 + -3 + -1 + 10?
5
(-3 - (7 - (-4 + 8))) + 1
-5
(0 - 2) + 0 + -3 + 0
-5
What is -3 + (-4 - -1 - -3)?
-3
Evaluate 0 - 3 - (1 + -4 + 3).
-3
Evaluate 6 + 8 + 0 + -14.
0
What is the value of 1 - (6 + -8) - -4?
7
Calculate -7 + -7 + 8 + 0.
-6
What is 1 - 2 - (3 + -1 - 6)?
3
(-2 - 2) + 2 + 4
2
What is 1 + (-1 - 2 - -3)?
1
What is 5 - 2 - (13 - (26 - 14))?
2
-4 + 4 + 3 - (4 - 3)
2
Evaluate (5 - 4) + -5 - (-1 - 5).
2
What is the value of (30 - 27) + (-1 - -2)?
4
-3 - (6 + (-9 - 4))
4
What is the value of (4 - -1) + -44 + 38?
-1
4 + -6 - -7 - 0
5
4 + (-7 - (-4 + 6))
-5
What is the value of 3 - (3 + 0) - -4?
4
What is 1 + (-11 + 4 - -3) - -5?
2
Evaluate -1 + (4 - -1) - 4.
0
Evaluate -6 + 8 + -1 + (-6 - -3).
-2
What is the value of 10 + -6 + (4 - (-1 - -5))?
4
Evaluate -2 - (-1 - -1) - -2.
0
Evaluate 2 + -6 + 7 - (1 + 6).
-4
What is -1 + (4 - -5) + -15?
-7
Calculate -3 + 8 - (0 - 0).
5
What is 4 + (-6 - -2 - -3)?
3
Calculate 2 + 3 - (2 - -1).
2
What is the value of 3 + (6 - 10) - -2 - -4?
5
What is -2 - -2 - (-7 - 4 - -8)?
3
What is (1 - (9 + -3 + -4)) + -3?
-4
-3 - (-6 + 0 + 7)
-4
What is the value of (-1 - -2) + (4 - (-1 + 3))?
3
Evaluate (0 - -6) + (-58 - -56).
4
(11 - 0 - (-47 - -51)) + -12
-5
What is the value of (7 + -1 - 16) + 5?
-5
Evaluate 8 - ((-2 - 2) + 16).
-4
What is the value of (5 - 1) + (5 - 5)?
4
Calculate (-3 - -7) + 0 + -1.
3
What is the value of -8 + (12 - 0) + 0?
4
-7 + 6 + 22 - 10
11
-5 + -6 + (-4 - -14)
-1
Calculate (0 - -5) + (-7 - -2).
0
Evaluate (1 + -7 - -15) + -3.
6
What is (-2 - (1 + -2)) + (-7 - -4)?
-4
Calculate 8 + (-17 - (3 - 8)).
-4
Evaluate -6 + (3 - (-4 - -6)) + 0.
-5
2 + 9 + 7 + -10
8
32 + -26 + -4 + 1
3
Calculate -8 - (7 + -12) - (-5 - 0).
2
What is (0 - -1 - -4) + 15 + -9?
11
What is 0 - 5 - 1 - (-1 - 3)?
-2
What is (-1 - (-10 - -13)) + 12?
8
-6 - (7 + -16 - -2 - -1)
0
What is the value of 59 - 51 - (3 + 0 + 0)?
5
Evaluate 2 - ((4 - 4) + (4 - 0)).
-2
Calculate -2 + (1 - -3 - -1).
3
0 + (5 - 2) + -4 + 1
0
What is 4 - (4 - ((-11 - -3) + 3))?
-5
-77 + 75 + -1 + -3
-6
What is the value of 11 - 10 - -4 - (2 + 1)?
2
-37 + 39 + (1 - 7)
-4
Evaluate (2 - -1) + -9 + 4.
-2
8 + (5 - 6) - 2
5
Evaluate (8 - 0) + 35 + -38 + -7.
-2
3 + 8 + -5 + -3 - -1
4
Calculate -5 - (0 + -3) - (-7 - 0).
5
What is the value of 3 - -5 - 9 - 2?
-3
Evaluate (3 + (1 - 6) - 0) + -3.
-5
What is the value of 3 + -4 + -2 + 7?
4
Evaluate -5 + (5 + -1 - 1) - -1.
-1
What is the value of 7 - (6 - (-3 + 4))?
2
What is the value of 5 + -3 + (4 - (3 + 1))?
2
Calculate -16 + 5 + -3 + 18.
4
Calculate (-1 - (-12 + 2)) + -1.
8
What is the value of -1 + 7 - (-15 + 15)?
6
Evaluate (-4 - -4) + 0 - -2.
2
Evaluate -3 + (-5 + 13 - 1).
4
Evaluate 0 + (3 - (0 - 3 - -3)).
3
(-1 - (0 + -1)) + -5
-5
What is -7 - 0 - -13 - 9?
-3
Calculate (3 - 4) + (2 - 2).
-1
Evaluate -2 - (-27 - -13) - 8.
4
What is the value of 0 + -1 - (6 - (4 + -2))?
-5
Calculate (1 - (-4 + 3 + 1)) + -11.
-10
What is the value of (0 - 5) + -7 + 5?
-7
What is 10 + (-2 - (3 + -2) - -3)?
10
(3 - 0) + (-1 - (2 + -4))
4
What is the value of (8 - (5 - -6)) + 8?
5
What is the value of -6 + 1 - (4 - (0 - -6))?
-3
Calculate 2 + -4 + 0 + 2 + 1.
1
Calculate 1 - 7 - (-123 - -106).
11
Evaluate -3 - -16 - (5 + (1 - 1)).
8
What is the value of -3 + -1 - (6 - 9)?
-1
Calculate -13 + 2 - 0 - (-192 + 190).
-9
What is 1 + 4 + (-28 - -25)?
2
What is the value of 19 + -17 + (1 - -1)?
4
Calculate 13 + -16 - (-1 - 2).
0
Evaluate (5 - 6 - 4) + 5 - -1.
1
Calculate 4 - (4 + 1 - (-63 - -68)).
4
What is -12 - -5 - -5 - -6?
4
Evaluate -2 + -3 - (-4 - (-4 - -4)).
-1
0 - 3 - (-1 - (1 + 0))
-1
Calculate -8 + (1 - 5) + 16 + -6.
-2
-4 - -1 - (-6 + 1)
2
Evaluate 8 + 1 + (-1 - 8).
0
Calculate 11 - (9 - 3 - -1).
4
What is 1 + -1 + (-1 - -1) - 1?
-1
Evaluate (-4 + 6 - (-3 + 0)) + -1.
4
What is the value of -12 + 1 - (-85 + 79)?
-5
(-7 - 1 - -14) + -1
5
What is the value of 8 + (-4 - 8) + -2?
-6
1 - ((-2 - 5 - -12) + -6)
2
Evaluate 2 - -5 - (5 - (-7 - -10)).
5
Evaluate (-1 - 0) + (2 - 13) + 11.
-1
Calculate -51 + 47 - (-2 - 2).
0
Calculate (-10 - -5) + 6 + -4.
-3
What is the value of -5 - ((-7 - (-6 + 0)) + 4)?
-8
Evaluate 8 + (0 - (-3 - -10)).
1
Evaluate 0 + (-2 - -7) + -4.
1
What is -4 + 4 + (0 + 1 - 6)?
-5
Evaluate -11 + 0 - (-196 - -190).
-5
Evaluate -156 + 167 + -1 + -4.
6
Calculate -5 + (8 - (6 - 0)).
-3
Evaluate -3 + (-7 + 15 - 1).
4
(-2 - 6) + (10 - -6) + -15
-7
Evaluate -6 + (5 - (3 + 2 + -3)).
-3
-3 - (5 - (3 + 4))
-1
Evaluate (-4 - (-3 - 3)) + -3 + 0.
-1
What is the value of 1 - (-5 + -4) - (2 - -3)?
5
Evaluate -8 + 4 + 9 + -9.
-4
What is 3 - -6 - 1 - 5?
3
0 + 4 + -8 + (5 - -2)
3
Calculate (0 - 6 - -1) + (40 - 38).
-3
Evaluate -1 - (5 - 4) - 0.
-2
What